b.
15
Suppose 2*f - 5*r = 2340, 2*f - 2372 = 486*r - 489*r. What is the highest common divisor of 340 and f?
20
Suppose -l + 3*q + 10 + 41 = 0, -5*l = 2*q - 170. What is the highest common factor of l and 15426?
18
Suppose -25810 = -15*f + 31711 + 42649. What is the highest common divisor of f and 126?
126
Let k be (-10)/15 - 100/(-6). Suppose 4*t - 2*x = 2624, 124*t - 117*t - 3*x = 4592. Calculate the highest common factor of k and t.
16
Let s be (-2097)/(-15) - (8/(-80))/((-2)/(-4)). Calculate the greatest common divisor of 945 and s.
35
Let q(v) = -5*v**2 + 19*v + 6. Let k be q(6). Let y be ((-33)/5 - -7)/(2/k). Let b be 8/y + 556/6 + -2. What is the highest common divisor of b and 30?
30
Let x(v) = -v + 1. Let p(b) = -24*b - 4. Let n(t) = p(t) - 6*x(t). Let s be n(-15). Suppose 0 = 5*g + 5*g - s. What is the greatest common divisor of g and 78?
26
Let k = 7044 - 7041. Calculate the highest common factor of 9 and k.
3
Let t(s) = 2*s**3 - 8*s**2 + 79*s + 18. Let d be t(9). What is the highest common factor of d and 171?
171
Let n(h) = -126*h**3 - 8*h**2 - 8*h - 2. Let o(z) = -7*z**2 - 6*z - 1. Let r be o(-1). Let a be n(r). What is the greatest common factor of a and 10?
10
Let c be (-6)/2*10/15*(-957)/6. Calculate the highest common divisor of 55 and c.
11
Let t = -35 + -6. Let q = t - -47. Suppose 17*v = 18*v - q. Calculate the greatest common factor of 8 and v.
2
Let l be 0/(-1*(-10)/5). Suppose g = -40*i + 35*i + 656, l = -2*i. What is the greatest common divisor of 82 and g?
82
Suppose -6 = -g, -3*g + 3940 = 4*m - 5*g. What is the highest common divisor of m and 228?
76
Suppose 4*d = s - 2, 5*s = -2*d - 32 + 108. Let x be -5 + (-4)/(-8)*s. Suppose x*f + 10 = 34. What is the highest common divisor of 4 and f?
4
Let q be (-2)/2*-2*(68 + -59). Let y = -119 + 407. Calculate the greatest common factor of q and y.
18
Let b be (-1 + 2 + 0)/(9/(-1377)). Let n = b - -217. What is the highest common divisor of n and 112?
16
Let w(f) = f**2 - 2*f - 30. Let x be w(0). Let o be (-193)/(-5 + (-22)/(-4)). Let n be o/x + (-8)/(-60). What is the highest common divisor of 1 and n?
1
Let d(v) = 481*v + 4653. Let m be d(-9). What is the greatest common factor of m and 318?
6
Let i be (-24)/5*(-1)/((-15)/(-250)). Suppose p = 5*p - 160. Suppose 15*d - 13*d - p = 0. What is the highest common factor of d and i?
20
Let z be 2*((-35)/30*-9 + -8). Calculate the highest common divisor of 1210 and z.
5
Let f = 4 + -2. Suppose 2*x - f*w - 110 = -x, -3*w = x - 44. Let k be ((-16492)/310)/(21/(-75)). What is the highest common divisor of x and k?
38
Suppose 0 = -x - v + 421, 5*v = -49*x + 52*x - 1287. Calculate the greatest common factor of x and 901.
53
Let n = -3683 - -4414. Calculate the highest common factor of n and 204.
17
Let v(a) = -10*a - 63. Let o be v(-9). Let d = -22 + o. Let s(k) = k**3 - 4*k**2 + 7*k + 12. Let x be s(d). What is the highest common factor of x and 9?
9
Let n = -17 - -27. Suppose 14*k = 24 + 18. Suppose -k*p - 8*p + 110 = 0. Calculate the greatest common divisor of p and n.
10
Let x(j) be the third derivative of -j**6/120 - 3*j**5/20 - 5*j**4/6 - 13*j**3/6 + j**2. Let k be x(-7). Calculate the greatest common factor of 638 and k.
29
Let w = -50 - -55. Let b = w + -43. Let u = b - -54. What is the greatest common factor of u and 16?
16
Suppose -7*a = -0*a + 7. Let p be 3/15*a + (-412)/(-10). Calculate the greatest common divisor of 410 and p.
41
Let d be 6/(-4) + 4/6*(-66447)/(-92). Calculate the highest common factor of 896 and d.
32
Suppose -4*x + 3244 = 4*y, 2*x + 16*y - 1604 = 17*y. Calculate the highest common divisor of x and 70.
35
Suppose -3*h - 3*q - 31 = -112, 0 = 5*h - 5*q - 105. Suppose 23*w - 21*w - h = 0. Calculate the highest common factor of 96 and w.
12
Let c(i) = 5*i + 778. Let a be c(-38). What is the greatest common factor of 156 and a?
12
Let j(r) = 3*r**2 - 4*r - 4. Let z = -7 - -1. Let t be j(z). Let y be 2*(-4 - -8)*2. What is the highest common factor of y and t?
16
Suppose -11871*q + 737 = -11866*q - 2623. Calculate the greatest common factor of 128 and q.
32
Suppose -1 + 0 = -t, 1274 = 4*a - 2*t. Let r be 12/(-15) + a/55. What is the highest common divisor of r and 5?
5
Suppose -5*o - 5*x + 0 = -10, 0 = -x. Let b be 46 + 0/(0 - o). Let s = -58105 - -58381. Calculate the greatest common divisor of b and s.
46
Let n = 87 - 86. Let q be 1 - (n - 3)*3/(-6). Let g = q - -112. Calculate the greatest common divisor of 16 and g.
16
Let g(u) = u + 35. Let h be g(0). Let a be -3 - (-1602)/27*(7 - 4). What is the highest common factor of a and h?
35
Let q be (15/(-30))/((-2)/4) + -1. Suppose 4*b - m - 137 = 0, 5*b + q*m - 4*m = 174. Calculate the greatest common divisor of 204 and b.
34
Let j(p) = 5*p**2 - 7*p + 32. Let q be j(6). Suppose 2*r - 12*i + 13*i = 81, 238 = 6*r - 2*i. What is the greatest common divisor of q and r?
10
Let j be (-4)/(-14) - (-640)/14. Let f(i) = -i**2 + 340*i - 27600. Let o be f(134). Calculate the greatest common divisor of j and o.
2
Let h = -170 + -266. Let m = 40 - h. What is the highest common divisor of 28 and m?
28
Suppose 0 = -2*x + 5*w + 1271, 5*x - 47*w + 42*w = 3215. Let p = -362 + x. What is the highest common divisor of 44 and p?
22
Suppose -4*p = -229 + 29. Let z = 107 - p. Let s be (6 - z)*4/(-6). What is the highest common divisor of s and 34?
34
Suppose -4*l + 35 + 17 = 0. Let t = 28 - l. Suppose -31 = -3*a + 14. What is the highest common factor of t and a?
15
Suppose 3*z = -r + 17, -5*r - 3*z = -4 - 21. Suppose -306 = -4*k + 5*c + 580, 0 = r*k - c - 440. What is the highest common factor of 3 and k?
3
Suppose 0 = -3*j - r + 19, 3*j - r = 452 - 423. Let u(a) = 37*a - 1. Let z be u(5). What is the greatest common factor of j and z?
8
Suppose 18*x = 2*a + 16*x - 12186, 0 = -6*a + 3*x + 36555. Calculate the highest common divisor of a and 4.
4
Let q = 2726 + -2690. Let i = 46 + 402. Let j be i/5 + 8/20. Calculate the highest common factor of j and q.
18
Suppose 1335 = 26*j - 5534 + 1045. What is the highest common divisor of j and 616?
56
Let z(o) = 7*o - 5. Let a be z(4). Let l(r) = -574*r + 6. Let b be l(3). Let t be (-12)/(-20) + 1/((-15)/b). Calculate the highest common factor of t and a.
23
Suppose 10*u - 4100 = -15*u. What is the highest common divisor of 11316 and u?
164
Let a = -601 - -742. Suppose 0 = l + l - 58. Suppose 0 = -2*v + a - l. What is the highest common factor of v and 14?
14
Let p be 14/(9/342*19). Suppose 3*b - 200 = 388. What is the greatest common factor of b and p?
28
Let t(x) = -13*x + 1. Let v be t(-5). Let d be (-1)/3 - ((-35660)/(-30))/(-2). Calculate the highest common divisor of d and v.
66
Let a(b) = 20*b - 6*b - 18*b + 97. Let d be a(22). Suppose 0 = -d*y - 2*y + 935. Calculate the highest common divisor of y and 17.
17
Let j = 28 + -28. Suppose j = u - 34 + 26. Suppose 0 = 3*n - 6*n + 3*y + 207, 4*y = 5*n - 348. What is the highest common factor of u and n?
8
Let w(g) = -g + 27. Let r(v) = v + 13. Let h be r(2). Let n be w(h). Let l(b) = 3*b - 22. Let t be l(n). What is the greatest common factor of t and 98?
14
Let g be ((-105)/20 - -5)*-42496. What is the greatest common factor of 80 and g?
16
Suppose 3*p = -3*x + 894, 3*p + 1458 = -0*x + 5*x. Suppose 2*c = -10 + 94. What is the highest common factor of x and c?
42
Suppose 0 = -2*i - 4*t + 36884, 0 = -i + 3*i + 5*t - 36888. Calculate the highest common divisor of i and 26.
26
Let s = 31790 + 13346. Calculate the highest common divisor of 13 and s.
13
Suppose 0 = 2*o - 4, 0 = -3*i + 8*o - 13*o + 1450. Let f = -415 + i. Calculate the greatest common divisor of 78 and f.
13
Let y(b) = 5*b + 3. Let r be y(-7). Let p be 4 - 3 - 3/(6/r). Calculate the greatest common divisor of p and 2.
1
Suppose -a - 18*q = -23*q - 315, 0 = 2*q - 2. Calculate the highest common divisor of a and 60.
20
Let o be 228/(-8)*(0 - 160/30). What is the greatest common divisor of 19456 and o?
152
Let r(a) = a**2 + 30*a - 31. Let k be r(-32). Suppose k*y - 616 = 11*y. What is the highest common factor of 77 and y?
7
Let o(k) = k + 5. Let v be o(10). Let h(x) be the first derivative of -5*x**2 + 60*x + 49. Let a be h(-6). What is the greatest common factor of a and v?
15
Suppose 47*f + 349650 = -17*f + 78*f. Calculate the g